. Let p(k) = k**2 + 11*k + 20. Let v be p(-9). Let l be (32/(-12))/(v/(-3)). What is the units digit of r(l)?
7
Let t(f) = -f**3 + f**2 + 2*f. Let r be t(-1). Suppose 6*y - 346 + 124 = r. What is the tens digit of y?
3
What is the units digit of (8/(-10))/((22/3015)/(-11))?
6
Let g(i) be the first derivative of i**4/4 + 10*i**3/3 - 5*i**2 + 14*i + 29. What is the hundreds digit of g(-8)?
2
Let b = -21 - -339. What is the hundreds digit of b?
3
Let z(c) = -2*c + 12. Let r be (24/(-5))/(12/40). What is the tens digit of z(r)?
4
Suppose -3*z - 95 - 37 = 0. Let i = 62 + z. What is the tens digit of i?
1
Suppose 6417*s = 6409*s + 20664. What is the hundreds digit of s?
5
Let v be 3381/27 - (-14)/(-63). Let l = v + -17. What is the units digit of l?
8
Let o = -38 + 68. Suppose -5*i = 4*r - 48, 2*i = -2*r + i + o. What is the units digit of r?
7
Suppose -j + 3*k = 846, -4*j - 2*k = -4*k + 3344. Let i = j - -1652. What is the units digit of i/14 + 18/(-42)?
8
Let a = -79 + 181. Suppose -p - 35 + a = 0. What is the units digit of p?
7
Let o(f) = -f**2 + 10*f - 19. Let u be o(6). Suppose u*x = 95 + 40. What is the tens digit of x?
2
Suppose 882 = k - 5*p, 5*p = 4*k - 2*k - 1774. What is the units digit of k?
2
Let u(k) = -k**2 - 46*k - 95. What is the units digit of u(-38)?
9
Let z(o) = -o**2 + 2*o - 1. Let x be z(1). Suppose -2*w + 2*n = -270, 4*w - 3*n - 2*n - 542 = x. What is the tens digit of w?
3
Let u(y) be the second derivative of 7*y**3/3 - 5*y**2 + y. What is the units digit of u(3)?
2
Let m be -1 + 14/(0 - -2). Suppose 0 = -2*w + 28*w - 130. Suppose w*g - m - 83 = -q, 5*q + 5 = 0. What is the tens digit of g?
1
Let c(f) = 2*f**3 - 30*f**2 - 18*f + 205. What is the thousands digit of c(21)?
5
Let f = -4 + 173. Let b = f + -94. What is the tens digit of b?
7
What is the tens digit of -11 - (-178)/16 - (-6366)/16?
9
Suppose -p + 71 = -2*j - 0*p, 0 = -3*j + 2*p - 109. Let s = j - -40. What is the units digit of s?
7
Let q(m) = -m**2 - 10*m + 13. Let p = -18 - -18. Suppose 2*y + 6 + 12 = p. What is the units digit of q(y)?
2
Let v(g) = 0 + 20*g + 3 - 5. What is the units digit of v(3)?
8
Let x(s) be the third derivative of s**5/10 - s**4/24 - 2*s**2. Suppose -r - 3*d = -13, 5*d + 8 - 37 = 2*r. What is the tens digit of x(r)?
2
Suppose 4*h + 7 = -25. Let b = -11 - h. What is the tens digit of 25 + -1 - 9/b?
2
Suppose 0 = 3*z - z - 158. Let a = z + -26. What is the units digit of a?
3
Suppose 5*z - 1052 = -3*b, -2*b + 424 = 2*z - 4*b. What is the tens digit of z?
1
Suppose 35756 + 1267 = 21*s. What is the units digit of s?
3
Let x(s) = -s**3 + 8*s**2 - 5*s - 3. Let p be x(4). Suppose 5*b = 2*z - p - 86, 4*b = 4*z - 272. What is the units digit of z?
1
Let c be (-2 - -4) + (4 - 2). Let f(u) be the third derivative of u**6/60 - 7*u**5/60 + u**4/4 - 4*u**3/3 + 5*u**2. What is the units digit of f(c)?
2
Let b = 10 - 8. Let w be 0/(-2)*(2/1)/2. Suppose w = 3*c - b*k - 164, -51 = -2*c + 4*k + 53. What is the tens digit of c?
5
Let s(j) = j**3 + 10*j**2 - 4*j - 13. Suppose 0 = 5*k + 2*g + 44, -5*k = -0*g - 3*g + 34. What is the tens digit of s(k)?
4
Let q = 1597 - -635. What is the units digit of q?
2
Let l be (3 - 4)*4 - -114. Let o = 162 - l. Let q = o - 33. What is the units digit of q?
9
Suppose -3*r = 3*x - 2*x - 2, -2*x - 6 = -4*r. Suppose 14 = 5*z - r. Suppose 3*o - 30 = -0*o + 3*p, -z*p = -2*o + 20. What is the units digit of o?
0
Let g(q) = 2937*q**2 + 12*q + 14. What is the tens digit of g(-1)?
3
Let c(s) = -5*s + 5. Let w be c(-3). Let q = w + -20. Suppose -6*y + 3*y + 117 = q. What is the units digit of y?
9
Let i(s) = s**2 - 11*s + 12. Let b be i(10). Let h be b/((-7)/((-441)/2)). Suppose 5*q - 22 = h. What is the tens digit of q?
1
Let w(c) be the second derivative of c**4/12 - c**3/6 - 5*c**2/2 - 2*c. What is the tens digit of w(6)?
2
Let n(i) = 3*i**2 + 5*i - 3. Let h be n(-4). Suppose -h*g - 404 = -29*g. What is the hundreds digit of g?
1
Let h(x) = -245*x**3 - x**2 + 1. Let n be h(-1). Suppose -4*p = 65 - n. What is the tens digit of p?
4
Let v(c) = 109*c**2 + c - 12. What is the hundreds digit of v(2)?
4
Let d be (-12420)/(-5) + 1*-4. What is the hundreds digit of 3/(-2)*d/(-30)?
1
Suppose 0 = q - 2*q - 11. Let z(n) = 11*n**3 + 2*n**2 - 1. Let m be z(1). Let t = m - q. What is the tens digit of t?
2
Let j be (-5)/(-2) - (1 + (-6)/4). Suppose -182 = -j*d + 2*a, 2*a + 218 + 28 = 4*d. What is the tens digit of d?
6
Suppose 4*w = 20, -y + 728 - 85 = w. Let d = y + -450. What is the units digit of d?
8
Suppose 3*s = -5*d + 72, 72 = 3*s - d - d. Suppose c + s = 4*c - 2*p, 3*p + 15 = c. What is the units digit of c?
6
Let j = 11 - 5. Suppose -j*i - 172 = -8*i. What is the tens digit of i?
8
Suppose -3*y = 2*s + 71, y + y + s = -46. Let p = y - -3. What is the units digit of p/(-4) + 7/(-14)?
4
Suppose 3*k + 9 = -6*a + 2*a, -6 = 5*a + 2*k. Let g(b) = b**2 - 3*b + 130. What is the tens digit of g(a)?
3
Let o be 1 - 3 - (-1 - 4). Let r be (o/(-6) + 0)*26. Let t = r + 17. What is the units digit of t?
4
Suppose 3 = 3*b + 3*u, 16*b - 3*u - 15 = 13*b. Let q be 4/14 - (-94)/14. Suppose 50 = 5*s - 4*g, -b*s - 49 = -q*s + 5*g. What is the units digit of s?
6
Suppose -4*q + 17 - 1 = 0. Let s be q/3*15/(-10). What is the units digit of 2 - (0/(-2))/s?
2
Let b = 626 - 244. What is the tens digit of b?
8
Let q be 6/(-2) + 2 + -4. What is the units digit of 82 - (-1)/(q/5)?
1
Let s(q) = -q**3 - 3*q**2. Let y be s(-3). Suppose -6*u + l = -11*u + 1191, y = -5*u - 5*l + 1195. What is the tens digit of u?
3
Suppose -4 = -2*n + n. Suppose n*t - 20 = -t. Suppose t*m + 17 = 65. What is the units digit of m?
2
Let v = 344 + 1926. What is the thousands digit of v?
2
Let l(m) = 51*m**2 - 15*m + 122. What is the thousands digit of l(6)?
1
Suppose -5*n - 2*c = 2069, 5*c = -n - 119 - 281. Let j = -188 - n. What is the units digit of j?
7
Suppose 2*f - 6 = -4*m + 4*f, 4*f = 5*m. Suppose p + g - 1 = 0, 20 = -5*p + p + m*g. What is the tens digit of 4 - (-29)/(p - -3)?
3
Suppose -5*s + 10*x + 5 = 9*x, 3*s + 5*x = 3. What is the units digit of s?
1
What is the units digit of (97 + -138)*-3*11?
3
Let i(h) = h - 2. Let b be i(5). What is the units digit of (267/2)/b*(22 + -20)?
9
Let b be (-603)/(-45) + (-2)/5. Suppose b*l - 16*l + 78 = 0. What is the tens digit of l?
2
Let c(t) = t**2 + 8*t - 11. Let n = -24 - -41. Let p = n + -28. What is the tens digit of c(p)?
2
Let l = 88 - 88. Suppose l = -8*x + 266 + 46. What is the units digit of x?
9
Let j = -346 - -723. What is the hundreds digit of j?
3
Let n be (6 - 0) + 32/(-16). Suppose 89 + 87 = 4*v - n*z, 5*v - 3*z = 212. Let f = v - 28. What is the tens digit of f?
1
Suppose 187*o + 600 = 195*o. What is the tens digit of o?
7
Let i(h) = -27*h**3 + 5*h**2 + 2*h + 5. Let k(w) = -28*w**3 + 6*w**2 + 2*w + 6. Let g(b) = 5*i(b) - 4*k(b). What is the units digit of g(-1)?
3
What is the tens digit of (-38560)/(-88) + 6/99*-3?
3
Let z = 924 + 752. What is the tens digit of z?
7
Let w be ((-18)/(-4))/(2/24). Suppose -3*b + 390 = -w. Suppose -5*m = -3*p + 97 + 12, 4*m = 4*p - b. What is the units digit of p?
8
Suppose 3*l - 2*m + 11 = -11, -m + 5 = 0. Let c be (-6 - l) + 11*1. What is the units digit of ((-96)/c)/(5/(-15))?
2
Suppose -8*s = -10*s. Suppose -4*q = -0*q + 2*k - 214, -5*q - 2*k + 270 = s. What is the tens digit of q?
5
Let a = -11 - -15. Let q(n) = -22*n + a*n - 5 + 7*n - 1. What is the units digit of q(-4)?
8
What is the tens digit of (-453)/((-63)/(-28)*1/(-6))?
0
Let z be 2*-2 - (-2)/((-8)/(-684)). Suppose -z = -5*x + 153. What is the tens digit of x?
6
Let v be (0/(2 - 4)*-1)/(-1). Suppose -3*f + 2*z = -386, 142 = f - 4*z - v*z. What is the units digit of f?
6
Let g(i) = i**3 + 14*i**2 + 7*i - 12. Suppose -20 = 3*h + 5*d + 15, -3*d = 5*h + 37. What is the units digit of g(h)?
8
Suppose -20*l + 2542 + 98 = 0. What is the units digit of l?
2
Let p(w) = w**2 + 9*w - 8. Let g(n) = -n**2 + n - 13. Let t be g(0). Let h be p(t). Let v = 10 + h. What is the units digit of v?
4
Suppose 0 = -4*i - 3*z + 872, -1162 + 99 = -5*i + 3*z. What is the units digit of i?
5
Suppose -2*n + 426 = -3*m, 4*m = 2*n - 592 + 164. Suppose -5*t - n = -5*b - 6*t, b = -4*t + 23. What is the units digit of b?
3
Let l(v) = -v**3 + 9*v**2 - 4*v - 11.